).
12
Let m = -5 + 7. Suppose -3*g + q + 17 = 0, -2*q = -0*g + m*g - 22. What is the remainder when 13 is divided by g?
6
Suppose -5*g + 0*g = -15. What is the remainder when 19 is divided by ((-14)/(-3))/(2/g)?
5
Let o = 3 - -3. What is the remainder when (-68)/(-6)*(-24)/(-16) is divided by o?
5
Let i be 2/(-4) - 126/4. Let k(h) = -h**3 + 3*h**2 + 6*h + 1. Let v be k(5). Let j = v - i. What is the remainder when j is divided by 5?
3
Let h(k) = -6*k + 15. Calculate the remainder when h(-4) is divided by 21.
18
Suppose 4*f = 7 - 3. Suppose 4*u = 2*u + 5*z - 16, 4 = z. Suppose -u = -5*p + 4*p. What is the remainder when p is divided by f?
0
Let b(k) = -k**3 - 10*k**2 + 10*k - 14. Let h be b(-11). Calculate the remainder when (-1 - (1 - 6)) + h is divided by 1.
0
Let z(b) = b**3 - 5*b**2 + 3*b - 3. Suppose 5*o = -0*o + 25. Suppose c + 117 = 5*v - 54, 124 = 4*v - 4*c. What is the remainder when v is divided by z(o)?
11
Let j(y) = 2*y**2 + 7*y + 1. Let k(z) be the third derivative of z**5/15 - z**4/24 - z**3/3 + 2*z**2. What is the remainder when j(-6) is divided by k(-2)?
15
Let d(f) = -f**3 + 5*f**2 - 3*f - 1. Let c be 2/6 + (-32)/(-12). Let p be d(c). What is the remainder when 61 is divided by p/4 - (-19)/1?
19
Suppose -i + 21 + 24 = 0. What is the remainder when i is divided by (-3)/(2*(-6)/64)?
13
Let w(q) = -7*q - 2. Let m be (-1 + 3 + -3)*1. Calculate the remainder when (2/(-4))/((-1)/16) is divided by w(m).
3
Suppose -a + 3*q = -45, -4*a + 283 = 5*q + 52. What is the remainder when a is divided by 14?
12
Let u(q) = -5*q - 6. Calculate the remainder when 34 is divided by u(-5).
15
Suppose -5*f - 53 + 8 = 0. Let u be (f/(-6))/(1/(-2)). What is the remainder when 24/(-9)*1*u is divided by 5?
3
Let t = 39 + -17. What is the remainder when 85 is divided by t?
19
Let q(j) be the third derivative of -j**4/4 + j**3/6 + 4*j**2. Calculate the remainder when q(-7) is divided by 22.
21
Suppose 0 = i - 6*i + 60. Calculate the remainder when 23 is divided by i.
11
Suppose -249 = -3*p + 24. What is the remainder when p is divided by 23?
22
Let n(q) = q**2 - 10*q - 5. What is the remainder when 10 is divided by n(11)?
4
Suppose 3*c + 4*q = -0*c + 19, -2*c + 2*q = 6. Let z(d) = 3*d**2 + d + 3 + d**3 - c + d**2. What is the remainder when z(-2) is divided by 5?
3
Let h = -5 - -3. Suppose 5*v = -2*u + 100, -2*u = 3*v - 0*v - 92. Calculate the remainder when u is divided by (-4 + -24)*1/h.
12
Suppose -t = t - 78. Calculate the remainder when 38 is divided by 1/(-1 + 42/t).
12
Suppose -5*g - 10 = 0, 3*g - 6 = -c + 4*g. What is the remainder when 14 is divided by c?
2
Suppose 0 = 4*n - 43 - 141. Calculate the remainder when n is divided by (8/3)/(4/24).
14
Suppose -5 = c - 14. What is the remainder when 25 is divided by c?
7
Suppose 0 = -3*v - 4*d + 1 + 48, -3*v - 3*d + 45 = 0. Suppose 640 = j + 4*j. Calculate the remainder when ((-33)/22)/((-6)/j) is divided by v.
10
Let x be 7 - 2 - (0 + 1). Suppose -2*a + 14 = -2*p, -x*p = -0*a + 2*a - 32. Suppose -38 = -0*c - 2*c. Calculate the remainder when c is divided by a.
9
Let n = 13 - 5. Suppose 0 = 4*z - 53 - 3. What is the remainder when z is divided by n?
6
Suppose 3*c + 2*n = n + 1, -2*c = 5*n + 21. Suppose d - c = 7. What is the remainder when 16 is divided by d?
7
Let d(k) = -k**2 + 7*k. Let g be d(7). Suppose g*w - 2*w + 26 = 0. What is the remainder when 49 is divided by w?
10
Let f(l) = -l**3 + 11*l**2 + l + 10. Calculate the remainder when 145 is divided by f(11).
19
Let c be 6*-1*-1*6. Let b = c + -22. Let j(x) = x**3 - x**2 - x + 41. Calculate the remainder when j(0) is divided by b.
13
Let l be (11/11)/(-2 + 1). Let f = 13 + l. What is the remainder when 33 is divided by f?
9
Let t = -50 - -149. Calculate the remainder when t is divided by 53.
46
Let n = 9 - -9. Suppose 2*y + 0 = v + 3, 0 = 4*y - 5*v + 9. Suppose -22 = -j - 3*u, 0 = 2*j + 3*j - y*u - 34. Calculate the remainder when n is divided by j.
8
Let a(p) = 9*p - 12. What is the remainder when 26 is divided by a(3)?
11
Let q(b) = -b**2 + b + 4. Let z be q(0). Suppose z*m - 29 - 11 = 0. Suppose 4*l - 6*l - 6 = 0, 0 = -w - 3*l + 19. What is the remainder when w is divided by m?
8
Let x = -197 + 214. What is the remainder when 66 is divided by x?
15
Let a(c) = -c**2 + 4*c + 2. What is the remainder when a(4) is divided by 2?
0
Suppose 1 - 43 = -3*w. Calculate the remainder when w is divided by 9.
5
Let j = 26 - 20. Calculate the remainder when 22 is divided by j.
4
Calculate the remainder when 2*(-71)/2*(3 + -4) is divided by 36.
35
Suppose 4*a = n + 107, 2*n = -3*n + 5. Calculate the remainder when a is divided by 9.
0
Let z = 24 - 18. Let i(c) = -c**2 + c + 2. What is the remainder when z is divided by i(0)?
0
Suppose 5*c - 56 - 129 = 0. Calculate the remainder when c is divided by 4*(4/(-1))/(-2).
5
Let v be 0 - (-3)/((-6)/(-38)). Let z = v + -12. Let a = 33 + -30. Calculate the remainder when z is divided by a.
1
Let z = 51 - 28. Calculate the remainder when z is divided by 0 + (-1 - 13/(-1)).
11
Let h(x) = 13*x - 3. What is the remainder when 91 is divided by h(2)?
22
Let d = -3 + 11. Suppose 2*b + 6 = k - 9, 0 = -4*k + 4*b + 60. Calculate the remainder when k is divided by d.
7
Suppose 4*n = n + 186. What is the remainder when n is divided by 16?
14
What is the remainder when (120/9)/5*21 is divided by 20?
16
Let g be (-30 + -2)/(6/9). What is the remainder when 4 is divided by (-2)/10 + g/(-15)?
1
Let r = -5 - -16. Suppose 2*n - 145 = -z + 23, -160 = -2*n - 5*z. Let k = n + -53. What is the remainder when k is divided by r?
10
Let r = 7 + 0. Let h be (-28)/(-6) + 2/(-3). Calculate the remainder when 10 + (4 - h/2) is divided by r.
5
Calculate the remainder when (-78)/4*12/(-18) is divided by 7.
6
Suppose r = -0*r + 5. Let u(s) = 2*s**2 - 5*s + 6. What is the remainder when u(r) is divided by 8?
7
Let y(n) = -n**3 - n**2. Let f be y(-2). Suppose f*j = 5*j - 11. Calculate the remainder when j is divided by 3.
2
Let f(h) = 3*h + 28. Let a(o) = 2*o**2 - 6*o + 4. Let w be 2/6*5*3. What is the remainder when a(w) is divided by f(-5)?
11
Let z be 24*((-28)/(-8) - 3). Suppose 5*w + 5*m - 25 = 0, w = -2*w - 5*m + 19. Suppose -w - z = -t. Calculate the remainder when t is divided by 6.
3
What is the remainder when (-5)/((-10)/(-108))*(-4)/6 is divided by 13?
10
Let v(c) be the first derivative of c**4/4 + c**3/3 - c**2 - c - 5. Suppose 0 = m - 5, -5*m + 18 - 3 = -5*u. What is the remainder when v(u) is divided by 3?
1
Suppose -2*n + 24 = f + 2*n, -62 = -3*f - 2*n. Calculate the remainder when 77 is divided by f.
17
Let w = -37 - -68. Calculate the remainder when w is divided by 11.
9
Suppose 3*x - 63 - 90 = 0. Calculate the remainder when x is divided by 26.
25
Let m = 12 - 7. Suppose -3*v = -m*l - 44, 0*v - l - 34 = -2*v. Suppose 4*y = v - 6. Calculate the remainder when 9 is divided by y.
0
Suppose -22 - 92 = -2*a + 4*r, 4*a = -5*r + 163. Calculate the remainder when a is divided by 17.
13
Suppose 71*v = 67*v + 16. Calculate the remainder when 22 is divided by v.
2
Let q = -94 + 104. Calculate the remainder when 37 is divided by q.
7
Let j(t) = -5*t**2 - 6 - 13*t + 0*t**2 + 2*t + 4*t**2. What is the remainder when 43 is divided by j(-7)?
21
Let j be 26/(-4) + 2/4. Let m = 21 + j. Suppose 0*a + 88 = 2*a. What is the remainder when a is divided by m?
14
Let y(f) = -f**3 + 8*f**2 - 6*f + 6. Let l be 1 - ((2 - 0) + 7). Let s = -1 - l. What is the remainder when y(7) is divided by s?
6
What is the remainder when (-5)/(15/(-12)) + 6 is divided by 6?
4
Let b(h) = -23*h - 2. What is the remainder when 39 is divided by b(-1)?
18
Suppose 14*p + 23 = 15*p. Calculate the remainder when 113 is divided by p.
21
Let g be (-208)/(-20) - 2/5. Let k = g - 5. Calculate the remainder when 13 is divided by k.
3
Let x = 4 + -4. Let u = -2 - 2. Calculate the remainder when 26 is divided by 1 - (u + x)*2.
8
Let y(g) = -g**2 - 11*g - 9. Let q(z) = 9*z**2 + 1. What is the remainder when y(-7) is divided by q(1)?
9
What is the remainder when 42 is divided by -2 + 6 + -6 + 17?
12
Suppose 0 = -3*k - 2*k + 20. Let u = 2 + 0. Calculate the remainder when k is divided by 3 + 1 + u + -4.
0
Let s(f) = -f**3 - 13*f**2 + 13*f + 16. Let m be s(-14). Suppose -m = -4*o - 2*g, 2*g = 